7
Let j(m) = 2*m**2 - m + 8. Let a(s) = 3*s**2 - s + 15. Let o(f) = 4*a(f) - 7*j(f). What is o(3)?
-5
Let d(b) be the second derivative of b**4/12 + b**3 + b**2 + 13*b. Determine d(-5).
-3
Let d(w) = w**3 + w**2 + 3. Let i be d(-2). Let s(u) be the second derivative of 3*u**4/4 + u**3/3 + u**2/2 + u. Determine s(i).
8
Let z(c) be the third derivative of -c**5/60 + c**4/3 - 5*c**3/2 + 9*c**2. Let x be z(6). Let g(q) = -q**3 - 3*q**2 + 3*q + 3. Give g(x).
-6
Let m(y) = -4*y + 0*y**2 - 1 + y**2 + 3*y. Let d(z) = -z - 1. Let o be d(-3). What is m(o)?
1
Let i(d) = -7*d + 9. Let x(n) = -n + 2. Let r(z) = 2*i(z) - 11*x(z). Determine r(-3).
5
Suppose 3*v = 2*m, 0 = 5*v + 3*m - 6*m. Let z(r) = r**2 + r - 6. Calculate z(v).
-6
Suppose -2 = -5*r - 12. Let o(s) = 3*s**2 + 4*s + 3. Calculate o(r).
7
Let d(f) = -f**3 - f + 3. Let r(x) = -x**2 + x + 2. Let s be r(2). Let a be d(s). Let v(w) = 3*w - 3. Give v(a).
6
Let x(a) be the first derivative of a**4/4 + 2*a**3 + 2*a**2 + 2*a + 4. Let h be (-5 - -20)*1/(-3). Give x(h).
7
Let w(i) be the second derivative of 1/120*i**6 - i**2 - 1/15*i**5 - 1/8*i**4 - i + i**3 + 0. Let q(x) be the first derivative of w(x). Give q(4).
-6
Let o(b) be the second derivative of -b**5/20 + b**4/6 + 2*b**3/3 + 5*b**2/2 + 3*b. Calculate o(4).
-11
Suppose d = -4*d. Let j(h) = 2 - h**2 + 0*h + 2*h - h. Let p be j(d). Let s(a) = 2*a + 1. Calculate s(p).
5
Let n(b) be the third derivative of -b**4/24 + 2*b**3/3 + 11*b**2. Calculate n(6).
-2
Let h(s) be the first derivative of s**5/20 - 5*s**4/12 - s**3 - 5*s**2/2 - 2*s - 3. Let q(j) be the first derivative of h(j). Determine q(6).
-5
Let p(w) = -9*w**3 + w**2 + 2*w + 1. Let a(x) = -10*x**3 + x**2 + 2*x + 1. Let r = 0 - 10. Let m = 17 + r. Let j(g) = m*p(g) - 6*a(g). Give j(-1).
3
Let n(i) be the third derivative of i**7/2520 + i**6/720 - i**5/60 + i**4/6 + 6*i**2. Let x(y) be the second derivative of n(y). Determine x(-2).
0
Let n(s) be the first derivative of s**3/3 - 3*s**2 - 3*s - 3. Give n(6).
-3
Suppose 5*v - v = -16. Let n(g) = 34 + 4*g - 2*g - 30 + g**2. Determine n(v).
12
Let s(m) = m**3 + 5*m**2 + 3*m + 6. Let r(l) = l + 10. Let k be r(-8). Suppose k*n - 3 = -y - 1, y + 4*n - 8 = 0. Calculate s(y).
10
Let f(c) be the first derivative of 10*c**3/3 - 10*c**2 - 14*c + 2. Let t(m) = -3*m**2 + 7*m + 5. Let h(s) = -6*f(s) - 17*t(s). Calculate h(1).
-9
Let t(f) = -2 - 3*f + 2 + 6. Give t(4).
-6
Suppose -6 = d + 4*p, 2*d + p - 2 + 0 = 0. Let m(y) = 3*y**3 - 2*y - y + 4 + y**d - 2*y**3. Suppose 3*f = -f - 12. Determine m(f).
-5
Let h = 61 - 243/4. Let a(k) be the first derivative of -2 + 0*k**2 + k + h*k**4 - 2/3*k**3. Determine a(-1).
-2
Suppose 4*d = -1 + 9. Let s(g) = -3*g**d - 7*g**2 + 5*g**2. What is s(-1)?
-5
Let s = 6 + -7. Let q be 4/s*(-10)/(-8). Let u(d) = 5*d**3 - 7*d**2 - 8*d + 6. Let j(m) = 2*m**3 - 2*m**2 - 3*m + 2. Let w(f) = 8*j(f) - 3*u(f). What is w(q)?
-2
Let i(w) be the first derivative of -2*w**3/3 + w**2/2 + 2*w + 1. Let x be i(2). Let z(b) = 0 + b - 4 - 3*b. Give z(x).
4
Let z = -6 + 6. Let p(x) = -x + z*x + 0*x**2 - 10*x**3 + 2*x**2 + 9*x**3. Calculate p(1).
0
Let x(w) = -w**3 + 8 - 6*w**2 + w - 8. Calculate x(-6).
-6
Let i = 6 + -2. Let n(z) = -4*z - 1. Let b(f) = f. Let s(u) = -2*b(u) - n(u). Determine s(i).
9
Let y(o) be the second derivative of o**4/12 + o**3/6 + o**2/2 + 16*o. Give y(-3).
7
Suppose 0 = 3*c + 5*a - 41, -5*c = -3*c - a - 10. Let u(h) = -h**3 + 8*h**2 - 8*h. Determine u(c).
-7
Let k(b) = b + 2. Let n(g) = -3*g - 7. Let q(y) = -7*k(y) - 2*n(y). Let o(a) = a**2 - 2*a - 1. Let s be o(-1). Calculate q(s).
-2
Let y(x) be the third derivative of -x**6/120 + x**3/6 - x**2. Let g = 17 - 21. Let z be 1/(2/(-6)) - g. Calculate y(z).
0
Let r = -78 + 80. Let h(g) = -g**3 + 1. Let b(k) = -7*k**3 + k**2 + 2*k + 7. Let n(v) = -b(v) + 6*h(v). What is n(r)?
-1
Let f(q) = -6*q + 6. Let x(j) = -j + 1. Let w(d) = -2*f(d) + 10*x(d). What is w(-2)?
-6
Let f = 1 + 1. Let q(h) = -h**3 - h**2 + 2*h + 1. Determine q(f).
-7
Let v(s) = -s**2 + 6*s + 7. Let d = 18 + -25. Let q(h) = -h - 2. Let x be q(d). Determine v(x).
12
Suppose 6*t - 3*t - 12 = 0. Let j = 5 - -3. Suppose t*a = j*a. Let k(u) = -u**3. Calculate k(a).
0
Let p(z) be the second derivative of -z**3 + z**2/2 + z. Let d = -89 - -88. Determine p(d).
7
Let n(f) = -2*f - f - 4 + f + f. Calculate n(8).
-12
Let y(u) = -2*u**2 - u + 1. Let i(f) = 5*f**2 + 2*f - 2. Let z(k) = 3*i(k) + 8*y(k). Determine z(2).
-6
Let s(f) = f**2 + f - 2. Let r be s(0). Let t(k) be the second derivative of -2*k**3/3 - k**2 - 27*k. Give t(r).
6
Suppose 0*x = x - 3. Let g(y) = x + 4*y**3 + 3*y - 4*y - 3*y**3 + 5*y**2. Give g(-5).
8
Let h(c) = c**2 - 1. Let z(g) = -5*g**2 - 2*g + 7. Let n(k) = 6*h(k) + z(k). Let u(v) = v**2 - 1. Let l be u(2). Calculate n(l).
4
Let g(b) = b**3 + 5*b**2 - 6*b - 2. Let l = -8 + 2. What is g(l)?
-2
Let u(z) = -5*z + 6*z - z**2 + 4*z**2. Suppose -11 = 4*t + 4*p + 9, -t - 9 = 3*p. Let k = t + 4. Give u(k).
4
Let s(h) = h + 4. Let w be s(-10). Let t(k) = -k - 5. Let a(y) be the second derivative of y**2/2 + 2*y. Let z(d) = w*a(d) - t(d). What is z(2)?
1
Let u(q) be the second derivative of -q**4/12 + 5*q**3/6 - q**2/2 - 6*q. Give u(4).
3
Let x(w) = -4*w**3 - w**2 - w. Suppose u - 45 = -46. What is x(u)?
4
Let i(s) = -s + 1. Let u(r) = -6*r - 1. Let n(q) = 3*q + 1. Let x(j) = -7*n(j) - 4*u(j). Let f(p) = -4*i(p) - x(p). Determine f(4).
3
Let y(n) = 7*n**2 - 5*n - 1. Let b(j) = -4*j**2 + 2*j + 1. Let t(o) = 5*b(o) + 3*y(o). What is t(3)?
-4
Let a(r) be the first derivative of -r**3/3 - r**2/2 + 2*r + 1. Suppose 3*g = -9 - 0. What is a(g)?
-4
Let k(l) = 4*l**2 + 3*l. Let u(q) = 5*q**2 + 3*q - 1. Let h(d) = 4*k(d) - 3*u(d). Suppose 2*r = -0*r + 3*w - 4, -5*w = -3*r - 6. Determine h(r).
1
Let i(f) = 3*f**2 - 5*f. Let s(r) be the second derivative of 0 + 8/3*r**3 - 1/2*r**2 + r - 5/6*r**4. Let k(c) = 7*i(c) + 2*s(c). Give k(3).
-2
Let q(g) = -4*g + 5*g - 1 - 11. Give q(6).
-6
Let c(n) = -4 + 3 - 1 + 15*n**2 - 8*n - 16*n**2. Calculate c(-6).
10
Let k be 2/1 - (-4)/(-1). Let w(v) = 2*v - 1. Determine w(k).
-5
Let q be -3 - 3/(-6)*4. Let t = 1 + q. Let p(h) = -2*h + 6*h - 3*h + h**3 - 6. Determine p(t).
-6
Let u(x) = 5*x**2 + 8*x - 3. Suppose 2*f = -8 - 2. Let h(q) = 6*q**2 + 9*q - 2. Let p(t) = f*u(t) + 4*h(t). Determine p(-5).
2
Let q(k) be the third derivative of -k**7/630 + k**5/60 + 6*k**2. Let l(y) be the third derivative of q(y). Let p = -2 + 3. What is l(p)?
-8
Let a(w) = -w**3 - 4*w**2 + 4*w. Let k(v) = v**3 + 3*v**2 + 5. Let y be k(-4). Let z = y + 6. Determine a(z).
5
Suppose 76*w - 56 = 69*w. Let m(n) = n**3 - 8*n**2 - 2. Determine m(w).
-2
Let t(q) be the second derivative of -1/2*q**2 + 1/6*q**4 - 1/20*q**5 + 3*q + 0 - 1/2*q**3. Let m(w) = w. Let o(i) = -4*m(i) - t(i). Determine o(2).
-1
Suppose 0 = 3*o, -39 - 1 = 4*r - 5*o. Let g = r + 9. Let h(p) = 6*p + 1. Calculate h(g).
-5
Let t(p) = p**2 + p - 6. Let j = -2 + 5. Suppose m + j = 4*m, -2*m + 32 = 5*h. Suppose h*r = 9*r. Give t(r).
-6
Let y be (-4)/((-4)/1) - 5. Let n(o) = o**3 + 3*o**2 - 6*o - 4. What is n(y)?
4
Let i(n) = n**3 - n**2 - n + 4. Let o be i(0). Suppose o*s = 4*z, s + 2*z + 3*z = 0. Let c(q) = q**2 + 6. Give c(s).
6
Let g(c) = -5*c - 1. Let q(h) = -11*h - 3. Let w(m) = 9*g(m) - 4*q(m). Let d(n) = -2 + n**2 + 0 - n + 0*n**2. Let j be d(3). Give w(j).
-1
Let x(b) = -2*b. Suppose -5*r - 38 = 2*z, 5*r + 18 = -z - 16. Let d be ((-6)/(-4))/(3/r). Let c = d - -5. What is x(c)?
-4
Let f(d) = 7 + 1 - d**2 - 3*d - 3*d. Let o(p) = p - 1. Let h(k) = -f(k) - 5*o(k). Give h(-3).
3
Let j = 47 - 54. Let m(l) = -l**3 - 6*l**2 + 5*l - 7. Determine m(j).
7
Let q(d) = -2*d - 12. Let w be q(9). Let g be 6/w - 22/(-10). Let v(b) be the first derivative of -b**4/2 + b**3/3 + 2*b**2 - 3*b + 1. Give v(g).
-7
Let x(z) = -5*z. Let u(n) = -n**2 - n + 1. Let r be u(-2). Give x(r).
5
Let u(i) = i**3 - 7*i**2 + 11*i - 10. Let k be u(5). Let n(w) = w**3 + 5*w**2 - w - 6. Give n(k).
-1
Let p(l) be the first derivative of -2*l**3/3 - 3*l**2/2 - 1. Suppose 5*s = s - 8. Calculate p(s).
-2
Let x(z) = 6*z + 8 + z**3 + 0*z**3 + 6*z**2 - 10. What is x(-5)?
-7
Let z = 19 + -19. Let k(g) = g**2 - g - 2. What is k(z)?
-2
Let u(h) = -3*h**2 - 7*h - 2*h**2 + 6*h - 3. Let b(y) = 